20?
True
Does 102 divide 793458?
True
Does 256 divide 7091137?
False
Is 35 a factor of 126760?
False
Is 282308 a multiple of 178?
True
Is 111259 a multiple of 352?
False
Is 70 a factor of 1755210?
False
Is 4921300 a multiple of 58?
True
Is 9 a factor of 164376?
True
Is 154 a factor of 677908?
True
Does 121 divide 269951?
True
Does 120 divide 96840?
True
Is 30196 a multiple of 247?
False
Is 4902328 a multiple of 49?
False
Is 332 a factor of 2973060?
True
Does 10 divide 273991?
False
Does 27 divide 20520?
True
Is 68467 a multiple of 40?
False
Does 32 divide 578463?
False
Is 347 a factor of 306054?
True
Is 5666556 a multiple of 98?
True
Is 37 a factor of 9913852?
False
Does 510 divide 14026090?
False
Is 15 a factor of 2629830?
True
Does 2 divide 3625644?
True
Does 37 divide 301575?
False
Does 28 divide 98126?
False
Is 2 a factor of 383559?
False
Does 127 divide 156718?
True
Does 11 divide 1900787?
False
Does 186 divide 91092?
False
Is 373 a factor of 119360?
True
Is 337 a factor of 5913002?
True
Is 49089 a multiple of 171?
False
Is 171 a factor of 20349?
True
Is 80 a factor of 319520?
True
Is 182585 a multiple of 13?
True
Is 1941 a factor of 21571310?
False
Is 2486253 a multiple of 117?
False
Is 257 a factor of 14759?
False
Is 80 a factor of 2000210?
False
Does 35 divide 88861?
False
Does 22 divide 1094962?
True
Does 22 divide 942832?
True
Is 41785 a multiple of 9?
False
Does 512 divide 12112896?
True
Does 125 divide 200595?
False
Is 18 a factor of 137242?
False
Does 10 divide 256090?
True
Does 51 divide 1965132?
True
Does 55 divide 767?
False
Is 12 a factor of 1733546?
False
Is 28467 a multiple of 128?
False
Does 733 divide 9638950?
True
Does 22 divide 2016756?
False
Is 2449776 a multiple of 42?
True
Is 893 a factor of 17385267?
False
Is 2 a factor of 4611567?
False
Is 87 a factor of 10539766?
False
Is 518522 a multiple of 15?
False
Is 335 a factor of 17755?
True
Is 678 a factor of 4950603?
False
Is 4 a factor of 10282050?
False
Does 8 divide 2606538?
False
Is 363 a factor of 1072302?
True
Is 87300 a multiple of 25?
True
Is 51025 a multiple of 187?
False
Does 13 divide 97838?
True
Is 36908 a multiple of 44?
False
Is 37 a factor of 261146?
True
Is 21 a factor of 38168?
False
Is 73 a factor of 1087043?
True
Is 105 a factor of 1400910?
True
Is 1195687 a multiple of 25?
False
Is 41 a factor of 8071674?
False
Is 25 a factor of 12367?
False
Is 2829346 a multiple of 79?
False
Is 23 a factor of 834853?
False
Is 766 a factor of 23607?
False
Is 58 a factor of 45878?
True
Does 18 divide 535104?
True
Is 1351260 a multiple of 15?
True
Does 141 divide 5475594?
True
Is 130786 a multiple of 100?
False
Is 122848 a multiple of 8?
True
Is 120 a factor of 143280?
True
Is 218106 a multiple of 126?
True
Is 5 a factor of 3203961?
False
Is 2688660 a multiple of 39?
True
Is 238245 a multiple of 12?
False
Does 164 divide 43513?
False
Does 12 divide 392724?
True
Is 53 a factor of 628387?
False
Is 13 a factor of 2268422?
True
Is 17471090 a multiple of 65?
True
Does 248 divide 137081?
False
Does 36 divide 41148?
True
Is 23 a factor of 111236?
False
Is 2677000 a multiple of 500?
True
Is 88310 a multiple of 2?
True
Does 119 divide 166012?
False
Does 185 divide 891899?
False
Does 266 divide 29526?
True
Does 322 divide 68908?
True
Is 230840 a multiple of 65?
False
Does 819 divide 12694365?
False
Does 347 divide 1883516?
True
Does 206 divide 188307?
False
Is 10 a factor of 861438?
False
Does 774 divide 571212?
True
Is 33 a factor of 40534?
False
Is 173287 a multiple of 149?
True
Is 311 a factor of 185045?
True
Is 31 a factor of 154372?
False
Does 13 divide 156637?
True
Does 361 divide 229235?
True
Is 410892 a multiple of 3?
True
Is 2 a factor of 5700?
True
Is 1441115 a multiple of 23?
False
Is 7271131 a multiple of 965?
False
Does 5 divide 48849?
False
Is 37 a factor of 348035?
False
Does 199 divide 53133?
True
Is 2690295 a multiple of 97?
True
Is 63 a factor of 806821?
False
Is 24 a factor of 1704630?
False
Does 63 divide 10343?
False
Is 5285520 a multiple of 30?
True
Is 45837 a multiple of 174?
False
Is 25911972 a multiple of 83?
False
Is 2276790 a multiple of 408?
False
Is 5 a factor of 25415?
True
Is 791382 even?
True
Does 13 divide 3668548?
True
Is 48865 a multiple of 91?
False
Is 32 a factor of 2444856?
False
Is 191606 a multiple of 312?
False
Is 580622 a multiple of 28?
False
Does 51 divide 46053?
True
Is 81 a factor of 10874592?
False
Is 3158351 a multiple of 133?
True
Is 121 a factor of 318351?
True
Is 1061694 a multiple of 183?
False
Does 490 divide 261660?
True
Is 142 a factor of 65496?
False
Is 153785 a multiple of 5?
True
Is 96600 a multiple of 350?
True
Is 109391 a multiple of 59?
False
Is 42001 a multiple of 12?
False
Does 12 divide 827183?
False
Is 17 a factor of 47160?
False
Does 227 divide 1350196?
True
Is 78 a factor of 30888?
True
Is 938636 a multiple of 5?
False
Does 31 divide 343480?
True
Is 171 a factor of 163212?
False
Is 204165 a multiple of 39?
True
Is 59831 a multiple of 7?
False
Is 88751 a multiple of 3?
False
Does 1642 divide 1137906?
True
Does 204 divide 1455948?
True
Does 1385 divide 3268032?
False
Is 166088 a multiple of 104?
True
Is 46176 a multiple of 26?
True
Is 37878 a multiple of 6?
True
Does 74 divide 3671382?
False
Does 1084 divide 3750640?
True
Is 100 a factor of 40600?
True
Does 74 divide 402856?
True
Does 14 divide 174247?
False
Is 337 a factor of 8146975?
True
Is 1566040 a multiple of 7?
True
Is 202 a factor of 240178?
True
Is 273 a factor of 601692?
True
Is 776688 a multiple of 24?
True
Is 346 a factor of 77294?
False
Is 69336 a multiple of 81?
True
Does 22 divide 5456644?
False
Is 27167 a multiple of 128?
False
Is 23199 a multiple of 10?
False
Is 514241 a multiple of 11?
False
Is 18 a factor of 61332?
False
Is 31 a factor of 7354440?
True
Is 363863 a multiple of 51?
False
Does 5 divide 190238?
False
Does 65 divide 1618110?
True
Is 3750291 a multiple of 30?
False
Is 3232020 a multiple of 33?
True
Is 247 a factor of 102272?
False
Does 527 divide 485108?
False
Does 41 divide 64288?
True
Does 31 divide 227547?
False
Is 13 a factor of 555811?
False
Is 4 a factor of 84308?
True
Does 357 divide 3801061?
False
Is 860310 a multiple of 79?
True
Is 1251415 a multiple of 373?
True
Is 554 a factor of 8920713?
False
Is 332713 a multiple of 7?
False
Does 33 divide 1266243?
True
Is 247 a factor of 1947595?
True
Is 12 a factor of 25188?
True
Is 182 a factor of 79301?
False
Does 115 divide 50230?
False
Does 92 divide 211804?
False
Does 4 divide 254890?
False
Is 11 a factor of 84373?
False
Is 3451 a multiple of 7?
True
Does 13 divide 65106?
False
Is 121961 a multiple of 131?
True
Is 1925974 a multiple of 509?
False
Does 15 divide 5033?
False
Does 379 divide 726922?
True
Is 54332 a multiple of 4?
True
Is 642 a factor of 5016570?
False
Is 796161 a multiple of 201?
True
Does 51 divide 350578?
False
Does 60 divide 35714?
False
Is 2 a factor of 190?
True
Is 1321642 a multiple of 938?
True
Is 21058290 a multiple of 178?
True
Is 176 a factor of 491522?
False
Does 8 divide 4065830?
False
Does 67 divide 533588?
True
Is 12 a factor of 191187?
False
Is 1224188 a multiple of 74?
False
Is 14600730 a multiple of 10?
True
Is 1355751 a multiple of 271?
False
Is 153 a factor of 293270?
False
Does 23 divide 7589954?
True
Does 436 divide 3651689?
False
Does 26 divide 252616?
True
Is 8201143 a multiple of 11?
False
Is 101 a factor of 2617206?
False
Does 1566 divide 4632228?
True
Is 54 a factor of 304310?
False
Is 19 a factor of 462460?
True
Is 1362788 a multiple of 167?
False
Does 17 divide 37293?
False
Is 159470 a multiple of 370?
True
Is 34 a factor of 1210366?
True
Is 212106 a multiple of 29?
True
Does 24 divide 575304?
True
Is 321 a factor of 380082?
False
Does 714 divide 9549424?
False
Does 112 divide 60802?
False
Does 45 divide 867510?
True
Is 428 a factor of 360599?
False
Is 30123457 a multiple of 711?
False
Is 443156 a multiple of 266?
True
Is 2247 a factor of 17432226?
True
Is 8882230 a multiple of 70?
True
Is 6 a factor of 335114?
False
Is 9 a factor of 21924?
True
Does 49 divide 40797?
False
Does 418 divide 140030?
True
Does 345 divide 572227?
False
Is 208 a factor of 4016383?
False
Is 7 a factor of 19950?
True
Does 14 divide 15792?
True
Does 349 divide 421